 common factor of o and s?
10
Let u(q) = -q**3 + q**2 - q + 7. Let i be u(2). What is the highest common factor of i and 8?
1
Suppose 9*n = 10*n - 72. Calculate the highest common factor of 9 and n.
9
Let y be 4/(-18) - 7070/(-63). Calculate the greatest common divisor of y and 14.
14
Let s(b) = b + 8. Let j be s(0). Let f be 20/j + (-2)/(-4). Calculate the highest common factor of 30 and f.
3
Let v(i) = -4*i**3 + i**2 + 4*i + 3. Let d be v(-3). What is the highest common divisor of 27 and d?
27
Suppose -2 = -0*o - o. Suppose -3*y - o*y + 55 = 0. Let s be (-2)/3*(-5 + -4*7). Calculate the greatest common divisor of s and y.
11
Suppose -5*d + 4*t = -617, 2*d - 3*d + 2*t = -121. Let f(x) = 6*x**2 + x - 1. Let u be f(-3). What is the greatest common factor of d and u?
25
Let h = -9 - -29. Suppose i + i + h = 0. Let y(w) = -w + 2. Let c be y(i). What is the greatest common divisor of 84 and c?
12
Let m be 1 - 3/(3/(-8)). Let s(a) = -a**2 - 9*a + 10. Let k be s(-7). Let r = -15 + k. Calculate the greatest common factor of r and m.
9
Suppose -2*n = n + 15, -5*n - 27 = i. Let t be 1 + i - -2 - -8. Let j(c) = -2*c**2 + 11*c + 7. Let v be j(6). Calculate the greatest common divisor of t and v.
1
Let y(a) = -a**3 + 5*a**2 + 6. Let i be y(5). Let h be i/21 - (-150)/14. Calculate the highest common factor of h and 88.
11
Suppose 5*i - 1 + 6 = 0. Let o(l) = 6*l**2 - 2*l - 1. Let r be o(i). Let d = 29 - -20. Calculate the greatest common divisor of d and r.
7
Suppose -4*s + 2*x = 3*x - 10, -s + 5*x + 13 = 0. Let o = s + 3. Let b be ((-8)/(-10))/(o/45). Calculate the highest common factor of b and 2.
2
Suppose 3*o + 4*x = 388, -5*x + 2*x = -5*o + 695. What is the highest common factor of o and 17?
17
Suppose -4*d = a - 124, 4*d + 351 = 5*a - 317. Let h(c) = c**2 + 14*c + 52. Let g be h(-4). Calculate the greatest common divisor of a and g.
12
Let x be (3 - 2)*(0 + 4). Suppose x*w - 33 = 23. Calculate the greatest common factor of 2 and w.
2
Suppose -3*b + 107 = 4*p, p = 3*p + 3*b - 55. Calculate the greatest common divisor of p and 39.
13
Let z = -1 + 4. Let f(s) = 36*s + 2. Let w be f(z). Calculate the greatest common factor of 11 and w.
11
Let x(y) = -8*y - 1. Let f(s) = s**3 - 3*s**2 + 2*s - 1. Let u be f(1). Let b be x(u). Calculate the highest common divisor of 1 and b.
1
Suppose -75 = -13*k + 8*k. Calculate the greatest common factor of 30 and k.
15
Suppose 236 = 5*n + 2*s, s = n - 58 + 8. Calculate the highest common divisor of 24 and n.
24
Suppose -2 = -a - 5, -56 = -5*y - 3*a. What is the greatest common factor of 91 and y?
13
Let s be (-123)/(2/(-2)) + 3*-1. Calculate the greatest common factor of s and 24.
24
Let w(l) = l**3 + 8*l**2 + 7*l - 8. Let q be w(-6). Calculate the greatest common divisor of 11 and q.
11
Suppose -4 = 13*q - 14*q. Suppose -q*i + 20 + 2 = h, 0 = 2*h + i - 37. Suppose -3*w = -0*w - 36. What is the greatest common divisor of w and h?
6
Let h(a) = -3*a + 54. Let x be h(10). Calculate the highest common divisor of x and 4.
4
Let n = -40 - 26. Let x = -47 - n. Calculate the highest common factor of 19 and x.
19
Let p(s) = -s + 10. Let i be p(9). Suppose b - 1 = i. Suppose -252 = -4*j - b*g + g, -g = 5*j - 316. What is the highest common factor of 16 and j?
16
Let k(m) = 4*m + 26. Let t be k(4). What is the highest common factor of 70 and t?
14
Let z(a) = 24*a**2 + a - 2. Let p be z(1). Calculate the greatest common divisor of 207 and p.
23
Let o = 1 - -1. Let v(i) be the first derivative of i**2/2 + 12. Let b be v(o). What is the highest common divisor of b and 4?
2
Let u = 1 + 1. Let p = u + 1. Calculate the highest common divisor of 21 and p.
3
Suppose -4*q = -7*q + 54. Suppose j - 2*j + q = 0. Calculate the highest common factor of 18 and j.
18
Let q = -69 - -73. Suppose -2*v + 5*a + 18 = 0, -2 = 4*a + 6. Suppose 5*x = o - 23, v*x + 108 = -o + 5*o. Calculate the greatest common factor of q and o.
4
Let i be (42/(-9))/((-2)/27). Let n = 10 - 16. Let x(m) = -2*m - 3. Let p be x(n). Calculate the greatest common divisor of i and p.
9
Let v be -2 + (-16)/(-2) + -1. Let k = 300 - 295. Calculate the highest common divisor of v and k.
5
Let u(z) = 10*z - 1. Let f be u(5). Let c(g) = 0 + 7*g**2 + 0. Let j be c(1). Calculate the greatest common factor of j and f.
7
Let b be 0 - (-1 + 1) - 1*-2. What is the highest common divisor of b and 1?
1
Suppose -1036 = -3*g - 397. Suppose 4*b - 3*t - g = b, -4*b + 5*t = -280. Let r be 25 - (38 - 3)/(-7). What is the greatest common divisor of b and r?
15
Let q(l) = 3*l**2 - 8*l + 12. Let b be q(6). Calculate the highest common divisor of 18 and b.
18
Let a = 2 + -4. Let m be (-5)/(1/(-1 - a)). Let k be (-51)/m*15/3. What is the highest common divisor of k and 17?
17
Let r be (-2)/7 - 732/(-14). Suppose -r - 36 = -2*m. Calculate the highest common divisor of m and 66.
22
Let d = -35 + 79. Calculate the highest common factor of d and 308.
44
Suppose 5*q = 3*l - 65, 4*l - 1 = q + 29. Let c = 8 - q. What is the highest common factor of 9 and c?
9
Let d(z) = -5*z - 12. Let l be d(-8). Let b = -14 + l. Calculate the highest common divisor of b and 14.
14
Let r(s) = -s**3 + 10*s**2 - s - 6. Let v be 2 - 1 - (0 - -3). Let g be 2/v - (-7)/1. Let i be r(g). What is the greatest common divisor of i and 12?
12
Suppose 5*r + 0*a + a = 57, -4*r + 33 = 5*a. Suppose 0 = 3*g - 180 - 216. What is the greatest common divisor of g and r?
12
Let m be 1/(-3) - (-13)/3. Suppose 0*y - 120 = -3*o - m*y, -5*y - 129 = -4*o. What is the highest common factor of 18 and o?
18
Let d = 76 + -53. Calculate the highest common divisor of d and 230.
23
Suppose -3*l - 18 = -24. Calculate the highest common divisor of l and 10.
2
Let g = 112 + -72. Suppose -g = -b + 4*i, 5*i - 16 = -2*b + 12. What is the greatest common factor of b and 36?
12
Let a be 321/8 - (-5)/(-40). What is the highest common divisor of a and 16?
8
Let j = 86 - 31. Suppose 2*g + 0*g = 22. What is the highest common divisor of g and j?
11
Let q = -18 - -28. Let g(f) = f**2 - 8*f - 12. Let n be g(q). What is the greatest common divisor of n and 20?
4
Let o be 18/(1 + (-2)/(-4)). Suppose -2*q = -q. Let i be 1 + -3 - (q + -86). What is the greatest common divisor of i and o?
12
Let f be (0 - 0)/(-2 + 0). Suppose 2*k = 4*k - 6. Suppose -k*s + 47 + 1 = f. Calculate the greatest common divisor of s and 112.
16
Let p be 117 - (-2 + 3 - 1). Suppose -k = o - p, 3*k + o - 4*o = 363. What is the highest common factor of k and 17?
17
Let k(b) = -16*b - 29. Let d be k(-3). What is the greatest common factor of d and 19?
19
Suppose -53*i + 36 = -50*i. What is the greatest common divisor of 18 and i?
6
Let t(a) = 31*a + 6. Let k be t(3). Calculate the greatest common factor of 11 and k.
11
Suppose -7 = -z + 37. Let b be 3 + -3 + 0 - -11. What is the highest common divisor of b and z?
11
Suppose -3*t - 2*x = 3 - 6, -3*t + 3 = x. Let n = 1 - -4. Let a be 2/t*30/n. What is the highest common factor of 24 and a?
12
Let s be 0/(-2) - -3 - 90/(-30). Calculate the greatest common factor of s and 8.
2
Let l be ((-10)/3)/((-4)/30). Suppose -2*o - 18 = -v, 4*o + 48 = 6*v - v. Let j = o + l. Calculate the greatest common factor of 72 and j.
18
Let s = -25 + 43. What is the greatest common factor of s and 18?
18
Let w(y) = 2*y**2 - 4*y - 5. Let r be w(4). Suppose -5*c = -0*c - 385. Calculate the highest common factor of c and r.
11
Let z(q) = -7*q + 7. Let r(h) = 1. Let p(x) = -3*r(x) + z(x). Let b be p(6). Let k = 68 + b. Calculate the greatest common factor of 75 and k.
15
Let q(s) = -12*s - 4. Let b be q(-3). Let u be ((-8)/(-1))/((-4)/(-2)). Let l = u + 0. What is the highest common factor of l and b?
4
Suppose -10*j + 18 = 3*c - 7*j, 2*c - 8 = -4*j. Suppose 5*s - 16 = 4. What is the greatest common factor of s and c?
4
Let r = 7 + -2. Suppose r*c - y - 97 = -22, 5*y - 17 = -3*c. Calculate the greatest common divisor of c and 126.
14
Let p(g) = g - 2. Suppose 3*m - 32 = 5*q, 6 + 6 = -2*q + m. Let v be p(q). Let x be 48/9 + (-4)/v. What is the greatest common divisor of x and 2?
2
Let c(m) = -3*m + 1. Let i be c(-9). Suppose -4*a + 838 = -6. Suppose 3*g - a = -1. Calculate the greatest common divisor of g and i.
14
Suppose -j = -3*x + 5 - 28, 69 = 3*j - 5*x. Suppose h = 25 + j. Wh